et t(d) = -3 - 2*d**3 + d**3 + 36*d**2 + d - 11*d**2 - 10*d**2 - 8*d**2. Calculate t(a).
4
Let b(l) be the second derivative of l**3/2 - 27*l**2 + 2*l + 139. What is b(17)?
-3
Let w(v) be the third derivative of v**6/360 - 7*v**5/120 + v**4/4 + 23*v**3/6 - 23*v**2. Let i(c) be the first derivative of w(c). What is i(5)?
-4
Let t be -9 - (4 + 2 - 6)/(-2). Let l(i) = i + 23. Calculate l(t).
14
Let n(m) be the second derivative of -m**4/4 + m**3/3 + 7*m**2/2 + 2*m - 115. What is n(3)?
-14
Let j(p) = -p + 2. Suppose 0 = -4*b + 2*h + 42, 32 = 2*b - 2*h + 6. Suppose -2*f + b = 2*f. Suppose -5*l - 3*z = -35, f*l + z - 21 = -l. Give j(l).
-5
Let i(z) = z**3 - 3*z**2 - 8*z + 12. Let s be 8 - (24/4 + -2). What is i(s)?
-4
Let p(b) = -b**3 + b**2 - b. Let n(f) = 5*f**3 - 15*f**2 - 2*f + 8. Let x(i) = -n(i) - 6*p(i). Let r = 7 - 15. What is x(r)?
-8
Let z(w) = 0*w + 0*w**2 + 5*w**2 - 4 - 7*w**2 - 9 + 12*w. Calculate z(7).
-27
Let u(s) be the second derivative of 1/3*s**3 + 1/20*s**5 + 0 + 12*s + 1/2*s**2 - 1/4*s**4. Determine u(3).
7
Let t(l) = -l**3 + 7*l**2 + 7*l + 8. Suppose g - i = 2*i + 22, -46 = -3*g + 5*i. What is t(g)?
57
Let k = 1 - 5. Let t(x) = 20*x**2 - x + 3. Let g(j) = -9*j**2 - 2. Let h be ((-4)/6)/(-1 - 40/(-48)). Let a(r) = h*t(r) + 9*g(r). Determine a(k).
-6
Suppose -130 = -17*x - 28. Let k(n) = -n**3 + 6*n**2 + 3*n + 2. Calculate k(x).
20
Let y(v) = -10*v**2 - 17*v - 8. Let g(x) = -7*x**2 - 11*x - 5. Let s(m) = 7*g(m) - 5*y(m). Let p be ((-1)/(-2))/(1/(-12)). Give s(p).
-7
Let u(y) = -12*y**2 - 13*y + 17. Let v(g) = 5*g**2 + 6*g - 9. Let z(q) = 2*u(q) + 5*v(q). Determine z(-7).
10
Let y(t) = 8*t**2 + 6*t + 1. Let d(v) = 10*v**2 + 5*v. Let b(x) = 3*d(x) - 4*y(x). Calculate b(-6).
-22
Let b = -6 - -10. Let c(u) = -9*u + b + 0*u + 2*u + 8*u. Calculate c(-4).
0
Let x(a) = -2*a**2 + 5*a - 3. Let v(h) = -h**2 + 13*h + 19. Let d be v(14). Give x(d).
-28
Let c(i) = i**3 - i**2 - 4*i - 1. Let f be c(3). Let d(x) = -2*x**2 - x. Let z(m) = 13*m**2 + 5*m - 5. Let v(u) = 6*d(u) + z(u). Determine v(f).
15
Let w = -33 + 35. Let f(j) = 2 - 1 + 2*j - j + w. Calculate f(9).
12
Suppose -10 = -5*g + 2*g - 2*z, -3*g + 14 = -2*z. Suppose -6 = -2*o + g. Let b(u) = 0*u**2 - 5 + o*u + 11 + u**2 - 13*u. Calculate b(5).
-9
Let t(k) = 2*k + 2*k - k + 4*k - k. Calculate t(1).
6
Suppose -o + 15 = -2*b - 2*o, 24 = -5*b + 2*o. Let y(n) = 7*n**2 + 13*n - 1. Let t(h) = h**2 + h - 1. Let z(g) = b*t(g) + y(g). What is z(-5)?
-5
Let v(h) be the second derivative of -h**5/20 + h**4/2 - 7*h**3/6 - 4*h**2 - 420*h. Calculate v(4).
-4
Let p(b) = b**3 - 7*b**2 + 5. Suppose -23*w - 90 + 251 = 0. Calculate p(w).
5
Let q(l) = -29*l**2 + 5*l + 20. Let k(r) = -14*r**2 + 2*r + 8. Let z(p) = 5*k(p) - 2*q(p). What is z(1)?
-12
Let v = 80 - 147. Let c = v + 72. Let d(j) = j**2 - 5*j - 2. Give d(c).
-2
Suppose 4*j - 8 = 2*w - 40, -4*j - 2*w = 32. Let d(a) = -2*a - 7. Give d(j).
9
Let t(f) = -f**2 + 21*f + 69. Let o be t(-3). Let p(b) = -2*b + 5. Give p(o).
11
Let a(k) = k**2 + 3*k - 2. Let l be a(-4). Let v(p) = p**3 - 17*p**2 + 18*p - 24. Let m be v(16). Let x(w) = m*w - 1 + 0*w**2 - 2 + w**l - 2*w. Calculate x(-3).
-12
Let l be (0 - (-44)/(-8))*-2*1. Let a(g) = -g**3 + 9*g**2 + 22*g + 4. Let x be a(l). Let s(k) = -k**2 + 5*k + 2. Determine s(x).
6
Let v(j) be the third derivative of j**5/60 - j**3/3 + 18*j**2 - 3*j. Determine v(0).
-2
Suppose u + l - 2 = 0, -5*u + 0*l = -5*l - 10. Let d(r) = -4*r**u - r**3 + 2*r + 5*r**2 - 15 + 20 - 5*r**2. What is d(-5)?
20
Suppose -5*o + 18 = -0*v - 2*v, 2*v = -3*o - 2. Let g(s) = 2*s**2 + 14*s + 8. Let p(i) = -i**2 - 5*i - 3. Let q(c) = 4*g(c) + 11*p(c). Give q(o).
-11
Suppose -60 = -l - 14*l. Let w(y) = -3*y**2 + 5*y + 3. Let k(v) = -7*v**2 + 11*v + 6. Let q(z) = -2*k(z) + 5*w(z). Give q(l).
-1
Suppose 7 = 2*d - 4*o + 1, 0 = 3*d - 3*o - 9. Suppose -3*m + 6 = 0, 5*m - 7 = -2*g + 9. Let n(r) = -2 + g - d - r - 1. Determine n(-4).
1
Let j(v) = 655*v - 2 - 327*v - 330*v. Suppose 3*w = -1 + 13. Let c(s) = -s - 1. Let g(d) = w*j(d) - 11*c(d). Determine g(-3).
-6
Let a = 64 - 66. Let q(c) = c**3 + 3*c**2 - 3*c - 1. What is q(a)?
9
Let u(r) = -1. Let f(k) = -9*k - 5. Let o(q) = -f(q) + 3*u(q). Calculate o(-2).
-16
Let n(c) = c**3 - 4*c**2 + c - 1. Let r be -3*(5 - 4) + -16. Let f = -15 - r. Give n(f).
3
Let q(h) = -h**2 + 10*h - 8. Let v(s) = -s**3 + 7*s**2 - 11*s + 11. Let m be v(5). Calculate q(m).
16
Let l(h) be the second derivative of 7*h**5/20 - h**3/6 + h**2/2 - 15*h. What is l(1)?
7
Let m(n) = 11*n**2 - 187*n - 1. Let y be m(17). Let h(i) = -16*i - 2. Calculate h(y).
14
Let w(h) = -4*h**3 - h**2 + 5*h + 12. Let k be w(-3). Let m = k - 90. Let j(t) = t**3 - 6*t**2 - t + 3. Determine j(m).
-3
Let k(f) = -8*f**2 - 4*f + 3. Let c(b) = -13*b**2 - 6*b + 7. Let d(s) = -3*c(s) + 5*k(s). What is d(-3)?
-9
Let i(x) = 5 - 2 - 6 - x**2 + 1 - 3 - 5*x. Suppose 5 = -c + 1. Determine i(c).
-1
Suppose -9*t = -14*t + 45. Let a(q) = -t*q - 5*q - 8*q + 23*q - 11. Let b(r) = 3*r. Let z be b(2). Calculate a(z).
-5
Let s = 205 - 206. Let o(j) = -21*j**3 - 2*j**2 - j. What is o(s)?
20
Let s = -20 + 23. Suppose 7*r + 8 = s*r. Let a(v) = v. Give a(r).
-2
Suppose -j + 1 = 4. Let z(s) be the first derivative of s**4/4 + 5*s**3/3 + 3*s**2/2 - 3*s - 385. Calculate z(j).
6
Let q(w) = -w**2 + w - 1. Let l(g) = -2*g - 3. Let u(b) = -l(b) + q(b). Let f be 7 + -5 + 2/1. Calculate u(f).
-2
Let r(a) = -11*a**3 - 23*a**2 + 5*a + 34. Let d(j) = -5*j**3 - 11*j**2 + 2*j + 16. Let q(k) = -13*d(k) + 6*r(k). Calculate q(4).
28
Let y = 8 - 7. Let c(r) = 2*r - 11. Let x be c(4). Let t(n) = -4*n**2 - 4*n. Let w(o) = -o**2 + 1. Let u(b) = x*w(b) + y*t(b). Give u(-2).
1
Let h(u) = -5*u - 9*u**2 + 3*u**2 - 4*u + 5*u**2. Calculate h(-8).
8
Let h(o) be the first derivative of o**3/3 - 4*o**2 + 6*o + 160. Determine h(8).
6
Let m(s) = s**3 + s**2 + 2*s + 4. Let o be ((-6)/5)/((-66)/(-165)). Determine m(o).
-20
Let a(x) = -x**3 + 3*x**2 + 11*x - 10. Let z(k) = -k**3 + 4*k**2 + 8*k - 10. Let r(h) = 4*a(h) - 5*z(h). Give r(7).
-11
Let v(o) be the first derivative of 9*o**2/2 - o + 1. Suppose 0 = 4*g + 30 - 10. Let c(k) = k**3 + 6*k**2 + 4*k - 6. Let r be c(g). Calculate v(r).
-10
Let c(w) = -w**3 - 3*w**2 - 4. Let y = 379 + -382. Determine c(y).
-4
Let j(z) = z - 3. Let c = 689 - 681. Give j(c).
5
Let d(i) be the second derivative of -5*i**3/3 + i**2/2 + 8*i + 5. Determine d(1).
-9
Let g = 24 - 20. Let j be ((-2)/(-1))/(6/15). Suppose d = j*f - 6, 3*d + g*f - 1 = -19. Let r(l) = -l**2 - 7*l - 3. What is r(d)?
3
Suppose -2*v - v + 3*c = 0, -2*v = c - 6. Suppose -a + 3 = -2. Let l(k) = k**3 + a*k**2 + 4*k - 12*k**2 - v*k + 4*k. What is l(6)?
0
Let i(y) be the second derivative of y**4/12 + 4*y**3/3 - 7*y**2/2 - 3*y + 40. What is i(-7)?
-14
Let b(v) = 3*v + 2. Let c(n) = -7*n + 3. Let p(h) = -5*b(h) - 2*c(h). Give p(-11).
-5
Let u(l) = l**2 - 7*l - 7. Let z(w) = -w**2 - 20*w - 77. Let n be z(-6). Determine u(n).
-7
Let r(i) = -4 - 4*i - 2*i**2 - 4*i - i. Let q be (4/(-8))/(11 + (-786)/72). Determine r(q).
-22
Let a = 17 - 12. Let p(v) be the third derivative of -1/15*v**5 + 0*v + 7/6*v**3 + 1/120*v**6 + 0 - 12*v**2 - 1/4*v**4. Calculate p(a).
2
Let n(z) be the first derivative of 11*z - 1/4*z**4 - 1/3*z**3 + 1/2*z**2 - 3. Suppose -2*h = -0*h + 2*k - 6, -6 = -h - 2*k. Calculate n(h).
11
Let f(y) = y**3 + 3*y**2 - 4*y - 2. Suppose -3*l - t = 10, -26 = -5*l - 5*t - 36. What is f(l)?
-2
Let m be (20 - (-5)/1) + -2. Let o(u) = u**3 - 23*u**2 + u - 22. What is o(m)?
1
Let g(l) = -5*l - 1. Let i be g(7). Let y be (-1)/6 + (-42)/i. Let u(n) = 3*n - 1. Calculate u(y).
2
Suppose q = 4 - 2. Let x(g) = 0*g**2 - 333*g + 329*g - g**q. What is x(-3)?
3
Let h(y) be the third derivative of -28*y**2 + 0*y - 1/6*y**4 - 1/60*y**5 + 0 - 1/6*y**3. Determine h(-4).
-1
Let t(n) = -n - 3 - 3*n**2 + 0*n + 2*n**2. Let o = 558 + -555. Determine t(o).
-15
Suppose -13 - 3 = -4*h, h = -5*r - 281. Let s = r - -52. Let u(b) = -b**2 - 7*b. Determine u(s).
10
Let l(i) = -i**3 - 15*i**2 + 2*i + 36. Let p be l(-15). Let s(q) = -q**2 + 5*q + 18. Give s(p).
12
Let z(q) = -1. Let s(m) = -m**2 + 2*m + 2. Let o(g) = -s(g) - 2*z(g). Give o(4).
8
Suppose -21*p = -9*p. Let s(n) = -n - 18. Calculate s(p).
-18
Let w = -19 + 21. Let u(p) = -3*p + w -